182b (base 13) to base 11.
1644676
What is -1875a16 (base 11) in base 10?
-3170338
Convert 76249 (base 12) to base 6.
3201333
Convert -100508 (base 10) to base 2.
-11000100010011100
Convert -1021020011212 (base 3) to base 15.
-d4952
30576452 (base 8) to base 14
c0c294
What is 2154355 (base 9) in base 6?
40452505
1103045 (base 7) to base 15
2a248
111000100011100100010 (base 2) to base 15
26917d
Convert -358838 (base 12) to base 16.
-d33ac
What is 22103200322 (base 4) in base 13?
737759
Convert 746a8 (base 12) to base 2.
100101010111100000
What is 20055250 (base 6) in base 5?
121130114
77d22 (base 14) to base 15
5b1ed
What is -53453 (base 6) in base 5?
-213210
What is 117fe (base 16) in base 9?
118282
Convert -60892 (base 10) to base 16.
-eddc
1806677 (base 10) to base 14
3505a5
What is -1020104024 (base 5) in base 4?
-20003313312
-631562 (base 11) to base 15
-14edc3
21703075 (base 9) to base 7
155234036
10140135 (base 8) to base 14
3dc301
Convert -17bb7 (base 15) to base 2.
-10010110001100001
-11001000101011111101 (base 2) to base 14
-1757d3
Convert 2757552 (base 12) to base 13.
1812158
What is 1a89d (base 15) in base 3?
11101102011
Convert -262435 (base 12) to base 13.
-18c008
What is -68527 (base 9) in base 13?
-179cb
Convert 8a133 (base 13) to base 14.
674cd
What is c7c11 (base 14) in base 12?
1b331b
114330012 (base 5) to base 7
4416440
Convert -212257 (base 8) to base 13.
-26317
-109567 (base 12) to base 3
-111110202121
114546 (base 9) to base 14
1b1c9
-268672 (base 11) to base 2
-1100110111000011001
Convert -11011211 (base 5) to base 12.
-46878
What is 1313434233 (base 5) in base 8?
14350657
Convert -626672 (base 8) to base 5.
-23131224
What is -101004012 (base 5) in base 16?
-634e5
Convert 1c43c (base 15) to base 5.
10421312
Convert -10000000111101111 (base 2) to base 15.
-14871
What is -131710 (base 12) in base 2?
-1001100100110111100
What is -1111001101010100011011 (base 2) in base 6?
-221241003
What is -98818 (base 12) in base 8?
-611624
What is -3ba207 (base 12) in base 16?
-f23a7
12104440043 (base 5) to base 6
1223023023
Convert -14646246 (base 8) to base 7.
-40401425
What is 5214053 (base 6) in base 16?
3d491
What is 378a22 (base 16) in base 5?
1412433332
128971 (base 12) to base 14
7d4a1
What is 1162050 (base 9) in base 7?
5236461
What is 642207 (base 9) in base 16?
5d4d5
What is -2af23 (base 16) in base 4?
-222330203
1120121200120 (base 3) to base 11
523272
Convert 85a8ce (base 15) to base 16.
611add
What is 946392 (base 10) in base 13?
2719c5
Convert -1114020012 (base 5) to base 4.
-21132312000
What is -100010010111100010 (base 2) in base 12?
-6956a
Convert 2417516 (base 11) to base 8.
20042302
-78983 (base 12) to base 14
-42631
11178460 (base 9) to base 4
110230212330
What is 35454405 (base 6) in base 15?
16e5c5
What is 801865 (base 11) in base 2?
100111011001000011010
What is 1a3d259 (base 14) in base 3?
220120110210212
What is 12e07e (base 15) in base 2?
11011101101011011010
Convert -33213230320 (base 4) to base 10.
-4094776
Convert 11101000100100 (base 2) to base 3.
202102021
-1244620 (base 11) to base 14
-4027a3
Convert -23260547 (base 8) to base 9.
-10478344
Convert 3103021001 (base 4) to base 5.
210133313
4b958 (base 15) to base 2
111011000001000101
What is -10002200122110 (base 3) in base 14?
-30c470
Convert -1470763 (base 8) to base 14.
-add07
-1312320120 (base 4) to base 7
-4065432
-1513461 (base 8) to base 2
-1101001011100110001
Convert 3268a8 (base 11) to base 3.
222111101002
What is -1007063 (base 11) in base 12?
-71a783
Convert -c5694 (base 13) to base 2.
-1010110101000100100
Convert 44b053 (base 12) to base 4.
10023321333
Convert 320330222 (base 4) to base 14.
61014
What is 511005123 (base 6) in base 7?
134111442
What is -111201121202022 (base 3) in base 7?
-116001665
What is -152297 (base 11) in base 14?
-62678
What is -20326055 (base 7) in base 2?
-110100000000111010111
1a8c1c (base 14) to base 4
3213002022
What is 43710701 (base 8) in base 4?
203321013001
What is -6c938a (base 13) in base 5?
-1130402014
1111111110111001001000 (base 2) to base 10
4189768
What is 4b025 (base 14) in base 16?
2ce49
100001110101111111 (base 2) to base 10
138623
Convert ab259 (base 12) to base 2.
110111010110100101
Convert -355743 (base 13) to base 6.
-43110323
What is 10272521 (base 9) in base 10?
4948876
What is -2153036 (base 8) in base 2?
-10001101011000011110
What is -322c5 (base 13) in base 16?
-161d0
What is 1d5d1 (base 16) in base 7?
1010436
-788265 (base 12) to base 4
-13111031231
Convert 17214 (base 9) to base 5.
334324
What is 2728778 (base 10) in base 5?
1144310103
-194dda (base 14) to base 16
-db104
What is 100022211110021 (base 3) in base 16?
4ba282
Convert 2cb6c3 (base 16) to base 10.
2930371
Convert -21102021103 (base 4) to base 9.
-4518261
1111000100100010101001 (base 2) to base 8
17044251
Convert 10123402 (base 5) to base 15.
198bc
Convert -13113021112 (base 4) to base 9.
-3561177
Convert -12013014 (base 5) to base 2.
-11010111100110000
Convert -2368207 (base 10) to base 3.
-11110022120101
What is 129741 (base 15) in base 2?
11011001111011011100
2311251 (base 7) to base 10
288597
-443371 (base 8) to base 12
-72449
Convert 4266704 (base 8) to base 14.
21a388
What is -273139 (base 10) in base 12?
-112097
b9b3c (base 14) to base 3
211211120111
What is -8687 (base 11) in base 3?
-120201210
What is 47521b (base 14) in base 5?
1110344340
-10346336 (base 7) to base 9
-1600072
Convert -1a66a (base 15) to base 5.
-10221300
21102111012001 (base 3) to base 8
17033345
What is a9b79c (base 14) in base 15?
78a5bd
Convert 51a2 (base 12) to base 8.
21312
-24564 (base 11) to base 9
-53351
What is -3452630 (base 7) in base 3?
-211000012202
3413122 (base 5) to base 11
41430
900c3 (base 14) to base 7
2640333
What is 65920 (base 12) in base 11?
91a60
12123805 (base 9) to base 15
7be4e2
Convert 1622371 (base 12) to base 6.
240550221
Convert 22356187 (base 9) to base 8.
51272252
What is 111023553 (base 6) in base 7?
23040033
What is 216630 (base 10) in base 11?
138837
What is -16042535 (base 7) in base 14?
-2c131c
3a1a52 (base 11) to base 16
9a561
What is -a882c (base 13) in base 12?
-128314
Convert 29a39 (base 14) to base 7.
610602
-99a8c3 (base 16) to base 13
-2117808
-2024134 (base 8) to base 4
-2002201130
-670b8 (base 13) to base 9
-314332
-1011111010000101000 (base 2) to base 5
-44441214
What is -1211e (base 15) in base 2?
-1110000100011101
What is 3c36e (base 15) in base 8?
571202
-13233220 (base 5) to base 2
-100000100110111000
Convert -103191 (base 12) to base 14.
-68941
What is -162b52a (base 12) in base 7?
-53406523
5213683 (base 9) to base 12
b23570
27737471 (base 8) to base 14
b94a93
405554 (base 9) to base 15
4b2ea
-5b79a (base 12) to base 13
-44482
178760 (base 13) to base 15
b9c72
What is -32947 (base 13) in base 6?
-1544201
Convert -1206384 (base 9) to base 11.
-407597
-4435326 (base 7) to base 9
-1023186
What is 184095 (base 15) in base 7?
13004306
Convert -21011101 (base 5) to base 6.
-3411151
208345 (base 10) to base 3
101120210111
What is -78070 (base 14) in base 16?
-47092
-208232 (base 12) to base 11
-31a596
What is -2614544 (base 7) in base 16?
-530de
What is 857197 (base 10) in base 9?
1545761
1b7573 (base 12) to base 15
9a206
-168316 (base 9) to base 5
-11321010
270604 (base 8) to base 9
153676
668735 (base 9) to base 15
7d82b
Convert 747720 (base 8) to base 4.
330333100
What is -1aaa6 (base 12) in base 14?
-105d4
Convert 110043432 (base 5) to base 4.
1303022332
What is -103173 (base 16) in base 5?
-232424420
What is 1101221210210 (base 3) in base 6?
24002420
367310 (base 13) to base 4
10331222120
What is -1023332330 (base 4) in base 16?
-4bfbc
3560375 (base 8) to base 4
3232003331
Convert 4c7906 (base 13) to base 4.
13002121022
-2836831 (base 10) to base 4
-22310211133
What is -1420352 (base 6) in base 3?
-11002102012
Convert -211394 (base 10) to base 4.
-303213002
Convert 14224123 (base 5) to base 13.
52888
What is 231440023 (base 5) in base 16?
ff6f7
Convert 21332322230 (base 4) to base 12.
a62578
-2f2c4e (base 16) to base 8
-13626116
7c2c4 (base 13) to base 16
375e5
Convert 40517a (base 12) to base 3.
1220000111211
What is -7308217 (base 10) in base 7?
-116055520
375bcc (base 13) to base 3
2111102001102
Co